{"id":6172,"date":"2023-09-12T04:50:14","date_gmt":"2023-09-12T01:50:14","guid":{"rendered":"https:\/\/checkupway.com\/?page_id=6172"},"modified":"2023-09-12T04:53:21","modified_gmt":"2023-09-12T01:53:21","slug":"hasta-sorumluluklari","status":"publish","type":"page","link":"https:\/\/checkupway.com\/index.php\/hasta-sorumluluklari\/","title":{"rendered":"Hasta Sorumluluklar\u0131"},"content":{"rendered":"\t\t<div data-elementor-type=\"wp-page\" data-elementor-id=\"6172\" class=\"elementor elementor-6172\">\n\t\t\t\t\t\t\t        <section class=\"elementor-section elementor-top-section elementor-element elementor-element-c9220c1 elementor-section-boxed elementor-section-height-default elementor-section-height-default ct-header-fixed-none ct-row-max-none\" data-id=\"c9220c1\" data-element_type=\"section\">\n            \n                        <div class=\"elementor-container elementor-column-gap-default \">\n                    <div class=\"elementor-column elementor-col-100 elementor-top-column elementor-element elementor-element-fe3ee54\" data-id=\"fe3ee54\" data-element_type=\"column\">\n            <div class=\"elementor-widget-wrap elementor-element-populated\">\n                        \t\t<div class=\"elementor-element elementor-element-2d65dad elementor-widget elementor-widget-heading\" data-id=\"2d65dad\" data-element_type=\"widget\" data-widget_type=\"heading.default\">\n\t\t\t\t<div class=\"elementor-widget-container\">\n\t\t\t<style>\/*! elementor - v3.6.4 - 13-04-2022 *\/\n.elementor-heading-title{padding:0;margin:0;line-height:1}.elementor-widget-heading .elementor-heading-title[class*=elementor-size-]>a{color:inherit;font-size:inherit;line-height:inherit}.elementor-widget-heading .elementor-heading-title.elementor-size-small{font-size:15px}.elementor-widget-heading .elementor-heading-title.elementor-size-medium{font-size:19px}.elementor-widget-heading .elementor-heading-title.elementor-size-large{font-size:29px}.elementor-widget-heading .elementor-heading-title.elementor-size-xl{font-size:39px}.elementor-widget-heading .elementor-heading-title.elementor-size-xxl{font-size:59px}<\/style><h3 class=\"elementor-heading-title elementor-size-default\">Hasta Sorumluluklar\u0131<\/h3>\t\t<\/div>\n\t\t\t\t<\/div>\n\t\t\t\t<div class=\"elementor-element elementor-element-ef16fd4 elementor-widget elementor-widget-heading\" data-id=\"ef16fd4\" data-element_type=\"widget\" data-widget_type=\"heading.default\">\n\t\t\t\t<div class=\"elementor-widget-container\">\n\t\t\t<h4 class=\"elementor-heading-title elementor-size-default\">1. Genel Sorumluluklar<\/h4>\t\t<\/div>\n\t\t\t\t<\/div>\n\t\t\t\t<div class=\"elementor-element elementor-element-f1173c8 elementor-widget elementor-widget-text-editor\" data-id=\"f1173c8\" data-element_type=\"widget\" data-widget_type=\"text-editor.default\">\n\t\t\t\t<div class=\"elementor-widget-container\">\n\t\t\t<style>\/*! elementor - v3.6.4 - 13-04-2022 *\/\n.elementor-widget-text-editor.elementor-drop-cap-view-stacked .elementor-drop-cap{background-color:#818a91;color:#fff}.elementor-widget-text-editor.elementor-drop-cap-view-framed .elementor-drop-cap{color:#818a91;border:3px solid;background-color:transparent}.elementor-widget-text-editor:not(.elementor-drop-cap-view-default) .elementor-drop-cap{margin-top:8px}.elementor-widget-text-editor:not(.elementor-drop-cap-view-default) .elementor-drop-cap-letter{width:1em;height:1em}.elementor-widget-text-editor .elementor-drop-cap{float:left;text-align:center;line-height:1;font-size:50px}.elementor-widget-text-editor .elementor-drop-cap-letter{display:inline-block}<\/style>\t\t\t\t<p>1.1. Ki\u015filer kendi sa\u011fl\u0131\u011f\u0131na dikkat etmek i\u00e7in elinden geleni yapmal\u0131 ve sa\u011fl\u0131kl\u0131 bir ya\u015fam i\u00e7in verilen tavsiyelere uymal\u0131d\u0131r.<\/p><p>1.2. Ki\u015fi uygunsa kan verebilir ya da organ ba\u011f\u0131\u015f\u0131nda bulunabilir.<\/p><p>1.3. Basit durumlarda ki\u015filer kendi bak\u0131mlar\u0131n\u0131 yapmal\u0131d\u0131r.<\/p>\t\t\t\t\t\t<\/div>\n\t\t\t\t<\/div>\n\t\t\t\t<div class=\"elementor-element elementor-element-bf1cc06 elementor-widget elementor-widget-heading\" data-id=\"bf1cc06\" data-element_type=\"widget\" data-widget_type=\"heading.default\">\n\t\t\t\t<div class=\"elementor-widget-container\">\n\t\t\t<h4 class=\"elementor-heading-title elementor-size-default\">2. Sosyal G\u00fcvenlik Durumu<\/h4>\t\t<\/div>\n\t\t\t\t<\/div>\n\t\t\t\t<div class=\"elementor-element elementor-element-885c49c elementor-widget elementor-widget-text-editor\" data-id=\"885c49c\" data-element_type=\"widget\" data-widget_type=\"text-editor.default\">\n\t\t\t\t<div class=\"elementor-widget-container\">\n\t\t\t\t\t\t\t<p>2.1.Hasta; sa\u011fl\u0131k, sosyal g\u00fcvenlik ve ki\u015fisel bilgilerindeki de\u011fi\u015fiklikleri zaman\u0131nda bildirmek durumundad\u0131r.<\/p><p>2.2.Hasta; sa\u011fl\u0131k karnesinin (Ba\u011f-Kur, Ye\u015fil Kart gibi) vizesini zaman\u0131nda yapt\u0131rmak zorundad\u0131r.<\/p>\t\t\t\t\t\t<\/div>\n\t\t\t\t<\/div>\n\t\t\t\t<div class=\"elementor-element elementor-element-c5a01bc elementor-widget elementor-widget-heading\" data-id=\"c5a01bc\" data-element_type=\"widget\" data-widget_type=\"heading.default\">\n\t\t\t\t<div class=\"elementor-widget-container\">\n\t\t\t<h4 class=\"elementor-heading-title elementor-size-default\">3. Sa\u011fl\u0131k \u00c7al\u0131\u015fanlar\u0131n\u0131 Bilgilendirme<\/h4>\t\t<\/div>\n\t\t\t\t<\/div>\n\t\t\t\t<div class=\"elementor-element elementor-element-4b0b084 elementor-widget elementor-widget-text-editor\" data-id=\"4b0b084\" data-element_type=\"widget\" data-widget_type=\"text-editor.default\">\n\t\t\t\t<div class=\"elementor-widget-container\">\n\t\t\t\t\t\t\t<p>3.1.Hasta; yak\u0131nmalar\u0131n\u0131, daha \u00f6nce ge\u00e7irdi\u011fi hastal\u0131klar\u0131, yatarak herhangi bir tedavi g\u00f6r\u00fcp g\u00f6rmedi\u011fini, e\u011fer varsa halen kulland\u0131\u011f\u0131 ila\u00e7lar\u0131 ve t\u00fcm sa\u011fl\u0131\u011f\u0131yla ilgili bilgileri tam, eksiksiz vermelidir.<\/p>\t\t\t\t\t\t<\/div>\n\t\t\t\t<\/div>\n\t\t\t\t<div class=\"elementor-element elementor-element-819e5a5 elementor-widget elementor-widget-heading\" data-id=\"819e5a5\" data-element_type=\"widget\" data-widget_type=\"heading.default\">\n\t\t\t\t<div class=\"elementor-widget-container\">\n\t\t\t<h4 class=\"elementor-heading-title elementor-size-default\">4. Hastane Kurallar\u0131na Uyma<\/h4>\t\t<\/div>\n\t\t\t\t<\/div>\n\t\t\t\t<div class=\"elementor-element elementor-element-fc6193e elementor-widget elementor-widget-text-editor\" data-id=\"fc6193e\" data-element_type=\"widget\" data-widget_type=\"text-editor.default\">\n\t\t\t\t<div class=\"elementor-widget-container\">\n\t\t\t\t\t\t\t<p>4.1. Hasta; ba\u015fvurdu\u011fu sa\u011fl\u0131k kurulu\u015funun kural ve uygulamalar\u0131na uymal\u0131d\u0131r.<\/p><p>4.1.Hasta sa\u011fl\u0131k Bakanl\u0131\u011f\u0131 ve di\u011fer sosyal g\u00fcvenlik kurumlar\u0131nca belirlenen sevk zincirine uymal\u0131d\u0131r .<\/p><p>4.2.Hastan\u0131n; tedavi, bak\u0131m ve rehabilitasyon s\u00fcrecince sa\u011fl\u0131k \u00e7al\u0131\u015fanlar\u0131 ile i\u015fbirli\u011fi i\u00e7inde olmas\u0131 beklenir.<\/p><p>4.3.Hasta; randevulu hizmet veren bir sa\u011fl\u0131k tesisinden yararlan\u0131yorsa randevunun tarih ve saatine uymas\u0131 ve de\u011fi\u015fiklikleri ilgili yere bildirmesi gerekir.<\/p><p>4.4. Hasta; hastane personelinin, di\u011fer hastalar\u0131n ve ziyaret\u00e7ilerin haklar\u0131na sayg\u0131 g\u00f6stermelidir.<\/p><p>4.5. Hasta; hastane malzemelerine verdi\u011fi zararlar\u0131 kar\u015f\u0131lamak zorundad\u0131r.<\/p>\t\t\t\t\t\t<\/div>\n\t\t\t\t<\/div>\n\t\t\t\t<div class=\"elementor-element elementor-element-674adf5 elementor-widget elementor-widget-heading\" data-id=\"674adf5\" data-element_type=\"widget\" data-widget_type=\"heading.default\">\n\t\t\t\t<div class=\"elementor-widget-container\">\n\t\t\t<h4 class=\"elementor-heading-title elementor-size-default\">5. Tedavisi \u0130le \u0130lgili \u00d6nerilere Uyma<\/h4>\t\t<\/div>\n\t\t\t\t<\/div>\n\t\t\t\t<div class=\"elementor-element elementor-element-5247c88 elementor-widget elementor-widget-text-editor\" data-id=\"5247c88\" data-element_type=\"widget\" data-widget_type=\"text-editor.default\">\n\t\t\t\t<div class=\"elementor-widget-container\">\n\t\t\t\t\t\t\t<p>5.1.Hasta; tedavisi ve ila\u00e7larla ilgili tavsiyeleri dikkatle dinlemeli ve anlayamad\u0131\u011f\u0131 yerleri sormal\u0131d\u0131r.<\/p><p>5.2.Hastan\u0131n; tedavisiyle ilgili \u00f6nerilere uyum sa\u011flayamama durumu s\u00f6z konusu ise bunu sa\u011fl\u0131k \u00e7al\u0131\u015fan\u0131na bildirmesi gerekir.<\/p><p>5.3.Hasta sa\u011fl\u0131k bak\u0131m ve taburculuk sonras\u0131 bak\u0131m plan\u0131n\u0131 beklendi\u011fi gibi do\u011fru anlay\u0131p anlamad\u0131\u011f\u0131n\u0131 belirtmesi gerekir.<\/p><p>5.4.Hasta; uygulanacak tedaviyi reddetmesi veya \u00f6nerilere uymamas\u0131ndan dolay\u0131 do\u011facak sonu\u00e7lardan kendisi sorumludur.<\/p>\t\t\t\t\t\t<\/div>\n\t\t\t\t<\/div>\n\t\t            <\/div>\n        <\/div>\n                            <\/div>\n        <\/section>\n        \t\t\t\t\t<\/div>\n\t\t","protected":false},"excerpt":{"rendered":"<p>Hasta Sorumluluklar\u0131 1. Genel Sorumluluklar 1.1. Ki\u015filer kendi sa\u011fl\u0131\u011f\u0131na dikkat etmek i\u00e7in elinden geleni yapmal\u0131 ve sa\u011fl\u0131kl\u0131 bir ya\u015fam i\u00e7in verilen tavsiyelere uymal\u0131d\u0131r. 1.2. Ki\u015fi uygunsa kan verebilir ya da organ ba\u011f\u0131\u015f\u0131nda bulunabilir. 1.3. Basit durumlarda ki\u015filer kendi bak\u0131mlar\u0131n\u0131 yapmal\u0131d\u0131r. 2. Sosyal G\u00fcvenlik Durumu 2.1.Hasta; sa\u011fl\u0131k, sosyal g\u00fcvenlik ve ki\u015fisel bilgilerindeki de\u011fi\u015fiklikleri zaman\u0131nda bildirmek durumundad\u0131r. [&hellip;]<\/p>\n","protected":false},"author":1,"featured_media":0,"parent":0,"menu_order":0,"comment_status":"closed","ping_status":"closed","template":"","meta":{"footnotes":""},"class_list":["post-6172","page","type-page","status-publish","hentry"],"_links":{"self":[{"href":"https:\/\/checkupway.com\/index.php\/wp-json\/wp\/v2\/pages\/6172","targetHints":{"allow":["GET"]}}],"collection":[{"href":"https:\/\/checkupway.com\/index.php\/wp-json\/wp\/v2\/pages"}],"about":[{"href":"https:\/\/checkupway.com\/index.php\/wp-json\/wp\/v2\/types\/page"}],"author":[{"embeddable":true,"href":"https:\/\/checkupway.com\/index.php\/wp-json\/wp\/v2\/users\/1"}],"replies":[{"embeddable":true,"href":"https:\/\/checkupway.com\/index.php\/wp-json\/wp\/v2\/comments?post=6172"}],"version-history":[{"count":4,"href":"https:\/\/checkupway.com\/index.php\/wp-json\/wp\/v2\/pages\/6172\/revisions"}],"predecessor-version":[{"id":6178,"href":"https:\/\/checkupway.com\/index.php\/wp-json\/wp\/v2\/pages\/6172\/revisions\/6178"}],"wp:attachment":[{"href":"https:\/\/checkupway.com\/index.php\/wp-json\/wp\/v2\/media?parent=6172"}],"curies":[{"name":"wp","href":"https:\/\/api.w.org\/{rel}","templated":true}]}}